 a be 65/9 - p/(81/(-2)). Suppose 418 = 2*l - 4*v, 1045 = 5*l + a*v - 9*v. What is the highest common factor of 19 and l?
19
Suppose -2*z + 2*u - 3468 = 3*z, -3*u - 2085 = 3*z. Let f = -278 - z. Suppose -5*c = -2*t - 268, -5*t - 2 = 18. Calculate the highest common divisor of f and c.
52
Let s = 16 - -38. Let t = -59 + s. Let n(b) = -b**3 - 5*b**2 - 4*b - 8. Let l be n(t). Calculate the greatest common divisor of 12 and l.
12
Suppose 4*h = -g + 40, -g + 28 = -9*h + 7*h. What is the greatest common factor of g and 2000?
16
Suppose -5*d - 612 = -8*d. Suppose -8*g = -4*m - 424, 0 = 3*m + 7 + 5. What is the greatest common divisor of g and d?
51
Let h(q) = q**2 - 56*q + 425. Let o be h(47). What is the highest common divisor of o and 4?
2
Suppose -26888 = -68*x + 33088. Calculate the greatest common divisor of 210 and x.
42
Suppose -656 = 3*j + 154. Let d be (j/(-40))/((-8)/(-384)). Calculate the greatest common divisor of 4 and d.
4
Suppose 72 = 4*i - i. Suppose -26*l + 190 + 231 - 213 = 0. What is the highest common divisor of i and l?
8
Suppose 4*t = 4*u - 3*u + 820, 8 = -2*u. Let w = -170 + t. What is the greatest common factor of 374 and w?
34
Let i(v) = -5*v + 13. Let b be i(2). Suppose 7*j - 20 = b*j. Suppose -4*s + 0*s + 108 = -2*f, -4*f - 135 = -j*s. What is the highest common factor of s and 135?
27
Let n be -6*(-2 - 14/4). Suppose 32*b - 101*b - 45*b = -63954. What is the greatest common factor of n and b?
33
Suppose -436*l = -449*l + 1924. Calculate the highest common factor of 1998 and l.
74
Let j(w) = 2*w**2 + 3 - 1 - w + 18 + 0. Let t be j(10). Let u = -130 + t. What is the highest common factor of u and 20?
20
Let z = 798 - 2176. Let y = z + 2107. What is the greatest common divisor of y and 27?
27
Let a = 22792 - 11271. Calculate the highest common divisor of a and 843.
281
Let h(l) = -l**3 - 15*l**2. Let f be h(-15). Suppose 6*g - 5*g = 2*s + 2, f = -g + s + 2. What is the highest common factor of g and 58?
2
Let i be (-192)/(-8) + -11 - (5 - 0). Suppose -3*s = i*s - 220. Calculate the greatest common factor of 80 and s.
20
Let u(a) = 6*a**2 - 440 - 2*a - a**2 + 418 + 4*a + 3*a. Let k be u(3). Calculate the greatest common factor of k and 95.
19
Let u(c) = -c**3 + 9*c**2 + 9*c - 11. Let w be u(9). Let b = -224 - -242. Suppose -20*q + b*q = -28. Calculate the highest common divisor of q and w.
14
Suppose 5 = -2*i - 1. Let j be (-4 + 1)/(i/28). Let s = 98902 - 98860. Calculate the highest common divisor of s and j.
14
Let a be -3 + (7 - -1) - (7 + -1 - 4). What is the greatest common factor of 27 and a?
3
Suppose 89*a + 1824 = 102*a + 134. Calculate the greatest common divisor of a and 470.
10
Let z = -513 - -392. Let w = 685 - z. Calculate the greatest common divisor of 26 and w.
26
Let s(z) = 4 + 14*z - 8*z**2 - 16*z + 2*z**2 - 69*z. Let x be s(-8). Let f be (4 + -5)/(1/(-47)). What is the greatest common factor of f and x?
47
Let x = 2553 - 2509. Suppose y = 2*m + 77, -y + m + 6 + 71 = 0. What is the highest common factor of x and y?
11
Suppose 48*n - 45*n = 4*t - 36597, 0 = 5*t - n - 45760. Calculate the highest common divisor of t and 226.
113
Let z = 97 - 103. Let s be 37 - (-6 + z/(-6)). Calculate the highest common divisor of 14 and s.
14
Suppose 52 = -5*t + 7. Let r be 327/7 - ((-650)/70 - t). Suppose 7*q - 2632 = -0*q. Calculate the highest common divisor of q and r.
47
Let j be (176/56)/(1/133). Let c = j - 397. What is the highest common factor of c and 48?
3
Suppose -34851 = -52*y - 32823. Calculate the highest common factor of y and 6227.
13
Let h = -6685 - -13925. Suppose -15*i = -10*i - h. Let q be i/20 + 4/(-10). What is the greatest common factor of 8 and q?
8
Let z = 17235 + -17209. Calculate the highest common divisor of 9438 and z.
26
Suppose -14*w - 91 = -w. Let r be 122460/273 + -1 + (-3)/w. Calculate the highest common divisor of 7 and r.
7
Let b = 3799 - 2343. What is the highest common factor of 224 and b?
112
Let v be 186 - (10/5 + 1). Let f = 243 - v. Calculate the greatest common factor of 20 and f.
20
Suppose -294*z + 296*z = 5*y - 1777, -5*y + 1765 = -5*z. What is the highest common divisor of y and 1326?
51
Suppose w - 1741 = -18*l + 16*l, -3*w = 2*l - 1735. What is the highest common divisor of l and 24?
8
Let l be ((-170)/(-75))/(-17) + (-62)/(-15). Suppose -8 = l*k, -4*k = 4*m - 0*k - 304. What is the greatest common divisor of m and 130?
26
Let s be 370/50 + (-4)/10. Suppose -6*b + s*b = 70. Let y = 78 - b. What is the greatest common divisor of y and 64?
8
Let l(s) = -15*s**3 - 4*s**2 - 2*s + 1. Let h(v) = -6*v + 59. Let d be h(10). Let y be l(d). Calculate the highest common factor of 35 and y.
7
Suppose -a = -0*a + 2*n - 55, -5*a + 231 = -n. Suppose a - 128 = -9*j. Suppose -j + 43 = 2*h. What is the highest common divisor of h and 51?
17
Let g be (120/(-4) + -1)*-1. Let d = -318 - -535. What is the highest common factor of g and d?
31
Let j(o) = o**2 + 93*o + 442. Let n be j(-93). Calculate the greatest common divisor of 26 and n.
26
Let g(h) be the first derivative of 28*h**2 + 67*h + 79. Let b be g(6). What is the greatest common divisor of 31 and b?
31
Let f be 101/2323 - (-3535)/161. Suppose 66 = 2*d + d. What is the greatest common divisor of f and d?
22
Suppose -3*o = 4*w - 15 + 22, 5*w + 4*o + 10 = 0. Suppose 3*y + 78 = -9*z + 13*z, -y + 34 = w*z. Calculate the greatest common divisor of z and 486.
18
Let f = 18286 + -10542. Calculate the highest common divisor of f and 88.
88
Suppose -163 - 93 = -4*f. Suppose -38*c + 46*c = f. Calculate the highest common factor of 60 and c.
4
Let a = -24 - 0. Let c be (0 + 1)/(-2) + a/16. Let b be c/(-7) + (-3344)/(-56). Calculate the greatest common factor of 24 and b.
12
Suppose 2*w + w = -112728. Let r be w/(-112) - -1*1/2. Calculate the highest common factor of r and 21.
21
Suppose -5*i + 4*d + 131 = 0, 10*i + 2*d + 54 = 12*i. What is the greatest common factor of i and 621?
23
Let i = 35 - 55. Let z(y) = 102*y**2 - 206*y**2 + 105*y**2 + 26 + 19*y. Let x be z(i). What is the greatest common divisor of 69 and x?
23
Let f(y) = 3*y**2 - 99*y + 676. Let g be f(6). Calculate the greatest common divisor of 2147 and g.
19
Let s(u) = 10*u**2 - 566*u - 1693. Let q be s(-3). Calculate the greatest common factor of 3914 and q.
19
Let k(z) = 22*z**2 + z - 7. Suppose v + 8 = 5*v. Let u be k(v). Let c = 103 - u. Calculate the greatest common factor of 160 and c.
20
Suppose -55 + 128 = 3*o - a, 4*o + 2*a - 94 = 0. Calculate the highest common divisor of 1452 and o.
12
Let p be 2 - (-3)/((-3)/(-16)). Let h(y) = -8*y + 685. Let g be h(80). Calculate the highest common divisor of p and g.
9
Let b = -104 + 76. Let u = -36 + b. Let m = -29 - u. What is the greatest common factor of 5 and m?
5
Suppose 8*h - 12248 = 2952. What is the highest common factor of h and 400?
100
Let q(x) = 310*x**2 + 14*x - 16. Let p be q(2). What is the greatest common factor of p and 44?
4
Let n be 3/12 - (-131)/4. Suppose 52*c = 21*c - 527. Let p(l) = l**3 + 15*l**2 - 29*l + 88. Let d be p(c). Calculate the greatest common divisor of n and d.
3
Let d be (1 - 1/(-1))/(90/675). Suppose x - 81 = -q, 17*x = d*x + 4*q + 156. Calculate the highest common factor of 50 and x.
10
Let w = 168 - 162. Let q(r) = r**2 + 5*r - 5. Let c be q(-6). Suppose 5*k + c = o - 10, -5*o - 3*k = -27. Calculate the greatest common factor of o and w.
6
Let s = -71 - -223. Let w = s - 86. What is the highest common divisor of w and 22?
22
Let p(f) = -f**3 - 16*f**2 + 2*f + 20. Let o be p(-16). Let t = -12 - o. Suppose -9*j + 7*j + 112 = t. What is the highest common factor of j and 8?
8
Suppose 0 = -3*d - 1 - 11, 2*d - 22 = -3*v. What is the greatest common factor of 23480 and v?
10
Let z(m) = 3*m**2 - 36*m + 8. Suppose 20 = 2*d + 4*g, -g + 77 = d + 4*d. Let y be z(d). Calculate the highest common factor of y and 80.
40
Let r be 612 + 0 - (195 + -180). Calculate the highest common divisor of r and 1393.
199
Let b = 221 + -217. Let z be (-8)/(5/(-270)*b). What is the highest common factor of 27 and z?
27
Suppose -2*w = 4*z - 752, -4*z + 375 + 389 = -w. What is the greatest common factor of z and 30?
10
Let w(x) = x**3 - 49*x**2 - 32*x - 222. Let s be w(54). Calculate the greatest common factor of 60 and s.
30
Let